{"id":345,"date":"2021-03-21T10:32:06","date_gmt":"2021-03-21T09:32:06","guid":{"rendered":"http:\/\/isabellecarabantes.fr\/?page_id=345"},"modified":"2025-03-27T11:58:11","modified_gmt":"2025-03-27T10:58:11","slug":"portrait","status":"publish","type":"page","link":"https:\/\/isabellecarabantes.fr\/index.php\/portrait\/","title":{"rendered":"PORTRAIT"},"content":{"rendered":"<p>&nbsp;<\/p>\n<p>&nbsp;<\/p>\n<ul>\n<li>2025 &#8211; Art Capital 2025- <strong>SALON DES ARTISTES FRAN\u00c7AIS<\/strong> &#8211; 3 sculptures s\u00e9lectionn\u00e9es (Lionne Assise &#8211; T\u00eate de Lion I &#8211; Fauve \u00e0 sa toilette &#8211; <strong>M\u00e9daille d&rsquo;Argent pour Fauve \u00ab\u00a0Fauve \u00e0 sa toilette\u00a0\u00bb<\/strong><\/li>\n<li>2023 &#8211; Art Capital 2023 &#8211; <strong>SALON DES ARTISTES FRAN\u00c7AIS<\/strong> &#8211; 2 sculptures s\u00e9lectionn\u00e9es (Fragment de panth\u00e8re &#8211; T\u00eate de Gu\u00e9pard) &#8211; <strong>M\u00e9daille de Bronze pour le Fragment de Panth\u00e8re<\/strong><\/li>\n<li>2020 &#8211; <strong>David Shepherd Wildlife foundation<\/strong> &#8211; Exposition \u00a0Artist of the year 2020 (<strong>Finaliste avec la sculpture T\u00eate de CARACAL<\/strong>) &#8211; LONDRES<\/li>\n<li>2020 &#8211; Art Capital 2020 &#8211; 230\u00e8me SALON DES ARTISTES FRAN\u00c7AIS &#8211; 3 sculptures animali\u00e8res s\u00e9lectionn\u00e9es (T\u00eate de buffle, T\u00eate de caracal) &#8211; \u00a0Grand Palais\u00a0&#8211; PARIS<\/li>\n<li>2019 &#8211; 54\u00e8me <strong>Grand Prix de Barbizon de l&rsquo;Acad\u00e9mie<\/strong> <strong>Boitiat<\/strong> &#8211;<strong>Grand\u00a0Prix 2019 de la Sculpture<\/strong><\/li>\n<li>2019 &#8211; Art Capital 2019 &#8211;<strong>\u00a0SALON DES ARTISTES FRAN\u00c7AIS<\/strong>\u00a0&#8211; 3 sculptures animali\u00e8res s\u00e9lectionn\u00e9es (Grand gu\u00e9pard assis, Grand gu\u00e9pard debout, L\u00e9opard sur le rocher) &#8211; \u00a0<strong>Grand Palais<\/strong>\u00a0&#8211; PARIS &#8211;\u00a0<strong>Prix \u00ab\u00a0Mention\u00a0\u00bb Section Sculpture\u00a0\u00bb<\/strong><\/li>\n<li>2018 &#8211; ArAnima &#8211; SR GALLERY &#8211; Bruxelles -BELGIQUE<\/li>\n<li>2018 &#8211;\u00a0Salon d&rsquo;Automne 2018 &#8211; 115\u00e8me \u00e9dition\u00a0&#8211; 75008 PARIS<\/li>\n<li>2018 &#8211; XIII\u00e8me Biennale de Sculpture Animali\u00e8re &#8211; RAMBOUILLET (78120) &#8211;\u00a0<strong>Prix du Salon d&rsquo;Automne<\/strong><\/li>\n<li>2018 \u00ab\u00a0Natures Plurielles\u00a0\u00bb &#8211; Abbaye Royale de Ferri\u00e8res-en-Gatinais (45210) &#8211;\u00a0<strong>Prix de la Ville de Ferri\u00e8res en Gatinais<\/strong><\/li>\n<li>Soci\u00e9taire de la<strong>\u00a0Fondation Taylor<\/strong><\/li>\n<li>2018 &#8211;\u00a040\u00c8me SALON D&rsquo;ART de Saint Germain les Corbeil &#8211;\u00a0<strong>Prix Univers des Arts<\/strong><\/li>\n<li>2018\u00a0<strong>&#8211;\u00a0<\/strong>GMAC \u00a0&#8211; Esplanade du Ch\u00e2teau de Vincennes<\/li>\n<li>2018\u00a0<strong>&#8211; XII\u00e8me BIENNALE D&rsquo;ART ANIMALIER de Saint-Pierre-l\u00e8s-Nemours\u00a0<\/strong>(s\u00e9lection) &#8211;\u00a0<strong>Grand Prix\u00a0<\/strong>de la Ville de\u00a0Saint-Pierre-l\u00e8s-Nemours<\/li>\n<li>2018\u00a0<strong>&#8211;\u00a0<\/strong>Exposition de bronzes A LA DEMEURE DU PARC &#8211;\u00a0 Fontainebleau<\/li>\n<li>2017 &#8211; EXPO4ART BORDEAUX\u00a0&#8211; Quai Chartrons<\/li>\n<li>2017 &#8211; GRAND MARCHE D&rsquo;ART CONTEMPORAIN &#8211; GMAC<\/li>\n<li>2017 &#8211; Exposition collective : 42, rue Lamartine- 75009 PARIS<\/li>\n<\/ul>\n<p><strong>\u00a0<\/strong><\/p>\n<p><strong>\u00a0<\/strong>[\/vc_column_text][\/vc_column][\/vc_row]<\/p>\n","protected":false},"excerpt":{"rendered":"<p>&nbsp; &nbsp; 2025 &#8211; Art Capital 2025- SALON DES ARTISTES FRAN\u00c7AIS &#8211; 3 sculptures s\u00e9lectionn\u00e9es (Lionne Assise &#8211; T\u00eate de Lion I &#8211; Fauve \u00e0 sa toilette &#8211; M\u00e9daille d&rsquo;Argent pour Fauve \u00ab\u00a0Fauve \u00e0 sa toilette\u00a0\u00bb 2023 &#8211; Art Capital 2023 &#8211; SALON DES ARTISTES FRAN\u00c7AIS &#8211; 2 sculptures s\u00e9lectionn\u00e9es (Fragment de panth\u00e8re &#8211; T\u00eate de Gu\u00e9pard) &#8211; M\u00e9daille de Bronze pour le Fragment de Panth\u00e8re 2020 &#8211; David Shepherd Wildlife foundation &#8211; Exposition \u00a0Artist of the year 2020 (Finaliste avec la sculpture T\u00eate de CARACAL) &#8211; LONDRES 2020 &#8211; Art Capital 2020 &#8211; 230\u00e8me SALON DES ARTISTES FRAN\u00c7AIS &#8211; 3 sculptures animali\u00e8res s\u00e9lectionn\u00e9es (T\u00eate de buffle, T\u00eate de caracal) &#8211; \u00a0Grand Palais\u00a0&#8211; PARIS 2019 &#8211; 54\u00e8me Grand Prix de Barbizon de l&rsquo;Acad\u00e9mie Boitiat &#8211;Grand\u00a0Prix 2019 de la Sculpture 2019 &#8211; Art Capital 2019 &#8211;\u00a0SALON DES ARTISTES FRAN\u00c7AIS\u00a0&#8211; 3 sculptures animali\u00e8res s\u00e9lectionn\u00e9es (Grand gu\u00e9pard assis, Grand gu\u00e9pard debout, L\u00e9opard sur le rocher) &#8211; \u00a0Grand Palais\u00a0&#8211; PARIS &#8211;\u00a0Prix \u00ab\u00a0Mention\u00a0\u00bb Section Sculpture\u00a0\u00bb 2018 &#8211; ArAnima &#8211; SR GALLERY &#8211; Bruxelles -BELGIQUE 2018 &#8211;\u00a0Salon d&rsquo;Automne 2018 &#8211; 115\u00e8me \u00e9dition\u00a0&#8211; 75008 PARIS 2018 &#8211; XIII\u00e8me Biennale de Sculpture Animali\u00e8re &#8211; RAMBOUILLET (78120) &#8211;\u00a0Prix du Salon d&rsquo;Automne 2018 \u00ab\u00a0Natures Plurielles\u00a0\u00bb &#8211; Abbaye Royale de Ferri\u00e8res-en-Gatinais (45210) &#8211;\u00a0Prix de la Ville de Ferri\u00e8res en Gatinais Soci\u00e9taire de la\u00a0Fondation Taylor 2018 &#8211;\u00a040\u00c8me SALON D&rsquo;ART de Saint Germain les Corbeil &#8211;\u00a0Prix Univers des Arts 2018\u00a0&#8211;\u00a0GMAC \u00a0&#8211; Esplanade du Ch\u00e2teau de Vincennes 2018\u00a0&#8211; XII\u00e8me BIENNALE D&rsquo;ART ANIMALIER de Saint-Pierre-l\u00e8s-Nemours\u00a0(s\u00e9lection) &#8211;\u00a0Grand Prix\u00a0de la Ville de\u00a0Saint-Pierre-l\u00e8s-Nemours 2018\u00a0&#8211;\u00a0Exposition de bronzes A LA DEMEURE DU PARC &#8211;\u00a0 Fontainebleau 2017 &#8211; EXPO4ART BORDEAUX\u00a0&#8211; Quai Chartrons 2017 &#8211; GRAND MARCHE D&rsquo;ART CONTEMPORAIN &#8211; GMAC 2017 &#8211; Exposition collective : 42, rue Lamartine- 75009 PARIS \u00a0 \u00a0[\/vc_column_text][\/vc_column][\/vc_row]<\/p>\n","protected":false},"author":1,"featured_media":0,"parent":0,"menu_order":0,"comment_status":"closed","ping_status":"closed","template":"","meta":{"jetpack_post_was_ever_published":false,"footnotes":""},"class_list":["post-345","page","type-page","status-publish","hentry"],"acf":[],"jetpack_sharing_enabled":true,"_links":{"self":[{"href":"https:\/\/isabellecarabantes.fr\/index.php\/wp-json\/wp\/v2\/pages\/345","targetHints":{"allow":["GET"]}}],"collection":[{"href":"https:\/\/isabellecarabantes.fr\/index.php\/wp-json\/wp\/v2\/pages"}],"about":[{"href":"https:\/\/isabellecarabantes.fr\/index.php\/wp-json\/wp\/v2\/types\/page"}],"author":[{"embeddable":true,"href":"https:\/\/isabellecarabantes.fr\/index.php\/wp-json\/wp\/v2\/users\/1"}],"replies":[{"embeddable":true,"href":"https:\/\/isabellecarabantes.fr\/index.php\/wp-json\/wp\/v2\/comments?post=345"}],"version-history":[{"count":15,"href":"https:\/\/isabellecarabantes.fr\/index.php\/wp-json\/wp\/v2\/pages\/345\/revisions"}],"predecessor-version":[{"id":6711,"href":"https:\/\/isabellecarabantes.fr\/index.php\/wp-json\/wp\/v2\/pages\/345\/revisions\/6711"}],"wp:attachment":[{"href":"https:\/\/isabellecarabantes.fr\/index.php\/wp-json\/wp\/v2\/media?parent=345"}],"curies":[{"name":"wp","href":"https:\/\/api.w.org\/{rel}","templated":true}]}}