{"id":35,"date":"2021-03-17T12:07:03","date_gmt":"2021-03-17T10:07:03","guid":{"rendered":"http:\/\/isabellecarabantes.fr\/?page_id=35"},"modified":"2025-12-28T12:53:57","modified_gmt":"2025-12-28T11:53:57","slug":"actualites","status":"publish","type":"page","link":"https:\/\/isabellecarabantes.fr\/","title":{"rendered":"ACTUALITES"},"content":{"rendered":"<p>[vc_row][vc_column][vc_column_text]<img data-recalc-dims=\"1\" loading=\"lazy\" decoding=\"async\" src=\"https:\/\/i0.wp.com\/isabellecarabantes.fr\/wp-content\/uploads\/2021\/03\/cropped-Capture-decran-logo-2017-11-01-a-08.07.36-e1616000607159.png?resize=55%2C55&#038;ssl=1\" class=\"aligncenter wp-image-231\" alt=\"\" width=\"55\" height=\"55\"><\/p>\n<p><img data-recalc-dims=\"1\" loading=\"lazy\" decoding=\"async\" src=\"https:\/\/i0.wp.com\/isabellecarabantes.fr\/wp-content\/uploads\/2025\/02\/img_2343-1.jpg?resize=960%2C1280&#038;ssl=1\" class=\"size-full wp-image-6583\" width=\"960\" height=\"1280\" srcset=\"https:\/\/i0.wp.com\/isabellecarabantes.fr\/wp-content\/uploads\/2025\/02\/img_2343-1.jpg?w=1500&amp;ssl=1 1500w, https:\/\/i0.wp.com\/isabellecarabantes.fr\/wp-content\/uploads\/2025\/02\/img_2343-1.jpg?resize=225%2C300&amp;ssl=1 225w, https:\/\/i0.wp.com\/isabellecarabantes.fr\/wp-content\/uploads\/2025\/02\/img_2343-1.jpg?resize=768%2C1024&amp;ssl=1 768w, https:\/\/i0.wp.com\/isabellecarabantes.fr\/wp-content\/uploads\/2025\/02\/img_2343-1.jpg?resize=1152%2C1536&amp;ssl=1 1152w, https:\/\/i0.wp.com\/isabellecarabantes.fr\/wp-content\/uploads\/2025\/02\/img_2343-1.jpg?resize=1140%2C1520&amp;ssl=1 1140w\" sizes=\"auto, (max-width: 960px) 100vw, 960px\" \/><img data-recalc-dims=\"1\" loading=\"lazy\" decoding=\"async\" src=\"https:\/\/i0.wp.com\/isabellecarabantes.fr\/wp-content\/uploads\/2025\/02\/img_3130.jpg?resize=960%2C1280&#038;ssl=1\" class=\"size-full wp-image-6599\" width=\"960\" height=\"1280\" srcset=\"https:\/\/i0.wp.com\/isabellecarabantes.fr\/wp-content\/uploads\/2025\/02\/img_3130.jpg?w=1500&amp;ssl=1 1500w, https:\/\/i0.wp.com\/isabellecarabantes.fr\/wp-content\/uploads\/2025\/02\/img_3130.jpg?resize=225%2C300&amp;ssl=1 225w, https:\/\/i0.wp.com\/isabellecarabantes.fr\/wp-content\/uploads\/2025\/02\/img_3130.jpg?resize=768%2C1024&amp;ssl=1 768w, https:\/\/i0.wp.com\/isabellecarabantes.fr\/wp-content\/uploads\/2025\/02\/img_3130.jpg?resize=1152%2C1536&amp;ssl=1 1152w, https:\/\/i0.wp.com\/isabellecarabantes.fr\/wp-content\/uploads\/2025\/02\/img_3130.jpg?resize=1140%2C1520&amp;ssl=1 1140w\" sizes=\"auto, (max-width: 960px) 100vw, 960px\" \/><\/p>\n<figure><figcaption>Salon des Artistes fran\u00e7ais 2025<\/figcaption><\/figure>\n<p><img data-recalc-dims=\"1\" loading=\"lazy\" decoding=\"async\" src=\"https:\/\/i0.wp.com\/isabellecarabantes.fr\/wp-content\/uploads\/2024\/10\/img_6245-1.jpg?resize=960%2C1167&#038;ssl=1\" class=\"size-full wp-image-6341\" width=\"960\" height=\"1167\" srcset=\"https:\/\/i0.wp.com\/isabellecarabantes.fr\/wp-content\/uploads\/2024\/10\/img_6245-1.jpg?w=1645&amp;ssl=1 1645w, https:\/\/i0.wp.com\/isabellecarabantes.fr\/wp-content\/uploads\/2024\/10\/img_6245-1.jpg?resize=247%2C300&amp;ssl=1 247w, https:\/\/i0.wp.com\/isabellecarabantes.fr\/wp-content\/uploads\/2024\/10\/img_6245-1.jpg?resize=842%2C1024&amp;ssl=1 842w, https:\/\/i0.wp.com\/isabellecarabantes.fr\/wp-content\/uploads\/2024\/10\/img_6245-1.jpg?resize=768%2C934&amp;ssl=1 768w, https:\/\/i0.wp.com\/isabellecarabantes.fr\/wp-content\/uploads\/2024\/10\/img_6245-1.jpg?resize=1263%2C1536&amp;ssl=1 1263w, https:\/\/i0.wp.com\/isabellecarabantes.fr\/wp-content\/uploads\/2024\/10\/img_6245-1.jpg?resize=1140%2C1386&amp;ssl=1 1140w\" sizes=\"auto, (max-width: 960px) 100vw, 960px\" \/><img data-recalc-dims=\"1\" loading=\"lazy\" decoding=\"async\" src=\"https:\/\/i0.wp.com\/isabellecarabantes.fr\/wp-content\/uploads\/2025\/12\/img_6935.jpg?resize=960%2C1280&#038;ssl=1\" class=\"size-full wp-image-8104\" width=\"960\" height=\"1280\" srcset=\"https:\/\/i0.wp.com\/isabellecarabantes.fr\/wp-content\/uploads\/2025\/12\/img_6935.jpg?w=1500&amp;ssl=1 1500w, https:\/\/i0.wp.com\/isabellecarabantes.fr\/wp-content\/uploads\/2025\/12\/img_6935.jpg?resize=225%2C300&amp;ssl=1 225w, https:\/\/i0.wp.com\/isabellecarabantes.fr\/wp-content\/uploads\/2025\/12\/img_6935.jpg?resize=768%2C1024&amp;ssl=1 768w, https:\/\/i0.wp.com\/isabellecarabantes.fr\/wp-content\/uploads\/2025\/12\/img_6935.jpg?resize=1152%2C1536&amp;ssl=1 1152w, https:\/\/i0.wp.com\/isabellecarabantes.fr\/wp-content\/uploads\/2025\/12\/img_6935.jpg?resize=1140%2C1520&amp;ssl=1 1140w\" sizes=\"auto, (max-width: 960px) 100vw, 960px\" \/><\/p>\n<h5 style=\"text-align: center\">BELGIQUE &#8211; FRANCE &#8211; ROYAUME UNI<\/h5>\n<p>[\/vc_column_text][\/vc_column][\/vc_row][vc_row][vc_column][\/vc_column][\/vc_row][vc_row][vc_column][vc_empty_space height=\u00a0\u00bb16 PX\u00a0\u00bb][vc_text_separator title=\u00a0\u00bbSCULPTURES\u00a0\u00bb color=\u00a0\u00bbblack\u00a0\u00bb border_width=\u00a0\u00bb3&Prime; css_animation=\u00a0\u00bbfadeInDown\u00a0\u00bb][vc_empty_space height=\u00a0\u00bb16 PX\u00a0\u00bb][\/vc_column][\/vc_row][vc_row][vc_column width=\u00a0\u00bb1\/4&Prime;][vc_text_separator title=\u00a0\u00bbBRONZE\u00a0\u00bb color=\u00a0\u00bbblack\u00a0\u00bb][vc_single_image image=\u00a0\u00bb1038&Prime; img_size=\u00a0\u00bbfull\u00a0\u00bb alignment=\u00a0\u00bbcenter\u00a0\u00bb onclick=\u00a0\u00bbcustom_link\u00a0\u00bb link=\u00a0\u00bbhttps:\/\/isabellecarabantes.fr\/index.php\/bronze\/\u00a0\u00bb][\/vc_column][vc_column width=\u00a0\u00bb1\/4&Prime;][vc_text_separator title=\u00a0\u00bbGALERIES\u00a0\u00bb color=\u00a0\u00bbblack\u00a0\u00bb][vc_single_image image=\u00a0\u00bb280&Prime; img_size=\u00a0\u00bbfull\u00a0\u00bb onclick=\u00a0\u00bbcustom_link\u00a0\u00bb img_link_target=\u00a0\u00bb_blank\u00a0\u00bb title=\u00a0\u00bbBRUSSELS ART SQUARE 2021&Prime; link=\u00a0\u00bbhttps:\/\/isabellecarabantes.fr\/index.php\/galeries-expositions\/\u00a0\u00bb][\/vc_column][vc_column width=\u00a0\u00bb1\/4&Prime;][vc_text_separator title=\u00a0\u00bbWORK IN PROGRESS\u00a0\u00bb color=\u00a0\u00bbblack\u00a0\u00bb][vc_single_image image=\u00a0\u00bb565&Prime; img_size=\u00a0\u00bbmedium\u00a0\u00bb][vc_media_grid grid_id=\u00a0\u00bbvc_gid:1683827053300-ef0b77700f0453c9431184a313366137-5&Prime;][\/vc_column][vc_column width=\u00a0\u00bb1\/4&Prime;][vc_text_separator title=\u00a0\u00bbDIVERS\u00a0\u00bb color=\u00a0\u00bbblack\u00a0\u00bb][vc_single_image image=\u00a0\u00bb162&Prime; img_size=\u00a0\u00bbfull\u00a0\u00bb][\/vc_column][\/vc_row][vc_row][vc_column][vc_empty_space height=\u00a0\u00bb16PX\u00a0\u00bb][vc_text_separator title=\u00a0\u00bbPORTRAIT\u00a0\u00bb color=\u00a0\u00bbblack\u00a0\u00bb border_width=\u00a0\u00bb3&Prime; css_animation=\u00a0\u00bbfadeInDown\u00a0\u00bb][\/vc_column][\/vc_row][vc_row][vc_column width=\u00a0\u00bb1\/2&Prime;][vc_empty_space][vc_single_image image=\u00a0\u00bb336&Prime; img_size=\u00a0\u00bbfull\u00a0\u00bb alignment=\u00a0\u00bbcenter\u00a0\u00bb onclick=\u00a0\u00bbcustom_link\u00a0\u00bb title=\u00a0\u00bbSNAA Bry Sur Marne 2020&Prime;][vc_empty_space][\/vc_column][vc_column width=\u00a0\u00bb1\/2&Prime;][vc_empty_space height=\u00a0\u00bb64px\u00a0\u00bb][vc_column_text css_animation=\u00a0\u00bbfadeInDown\u00a0\u00bb]<\/p>\n<h2 style=\"text-align: center\"><strong>L&rsquo;artiste et sa d\u00e9marche artistique :<\/strong><\/h2>\n<p style=\"text-align: left\"><em>Isabelle CARABANTES&nbsp;est n\u00e9e en 1965 \u00e0 Paris.<\/em><\/p>\n<p style=\"text-align: left\"><em>Elle apprend la sculpture dans diff\u00e9rents ateliers et&nbsp;\u00e9tudie le&nbsp;modelage d\u2019apr\u00e8s mod\u00e8le vivant en travaillant sur les volumes dans l\u2019espace, les axes et les plans, aux Ateliers&nbsp;des Beaux Arts de Paris dans l&rsquo;atelier de Philippe Jourdain.<\/em><\/p>\n<p style=\"text-align: left\"><em>L&rsquo;artiste, principalement ax\u00e9e sur le monde animal, ne fait pas le choix d&rsquo;un travail de naturaliste. Apr\u00e8s avoir&nbsp;pr\u00e9alablement \u00e9tudi\u00e9 l&rsquo;anatomie et la vie sociale de ses sujets, elle s&rsquo;en \u00e9carte pour une r\u00e9alisation spontan\u00e9e. Il&nbsp;s&rsquo;agit de capter une \u00e9motion, de voler un instant de vie avec toute la force et la beaut\u00e9 sauvage de ses sujets. Son&nbsp;modelage vibre d&rsquo;une \u00e9nergie \u00e0 la fois puissante et d\u00e9licate, celle d&rsquo;un monde all\u00e9gorique sauvage et menac\u00e9 : le&nbsp;n\u00f4tre<\/em>[\/vc_column_text][\/vc_column][vc_column width=\u00a0\u00bb1\/2&Prime;][\/vc_column][\/vc_row][vc_row][vc_column][vc_text_separator title=\u00a0\u00bbEXPOSITIONS &#8211; GALERIE\u00a0\u00bb color=\u00a0\u00bbblack\u00a0\u00bb border_width=\u00a0\u00bb3&Prime; css_animation=\u00a0\u00bbfadeInDown\u00a0\u00bb][\/vc_column][\/vc_row][vc_row][vc_column width=\u00a0\u00bb1\/2&Prime;][vc_text_separator title=\u00a0\u00bbGALERIES\u00a0\u00bb color=\u00a0\u00bbblack\u00a0\u00bb][vc_column_text]<\/p>\n<p style=\"text-align: center\"><strong><em>COUCK ART GALLERY<\/em><\/strong><br \/>\nrue Ernest Allard,&nbsp;&nbsp;32 &#8211; 1000 &nbsp;BRUXELLES (Belgique)<\/p>\n<p style=\"text-align: center\"><strong><em>&nbsp;&nbsp;GALERIE L&rsquo;OEIL DU PRINCE<\/em><\/strong><br \/>\n3 Avenue Foch &#8211; 64200 &nbsp;BIARRITZ (France)<\/p>\n<p style=\"text-align: center\"><strong><em>GALERIE EUGENE<\/em><\/strong><br \/>\n15 bis, Rue Eug\u00e8ne Jamin &#8211; 53000 (France)<\/p>\n<p style=\"text-align: center\"><strong><em>GALERIE ARS ESSENTIA<\/em><\/strong><br \/>\n9, Place Ziem &#8211; 21200 BEAUNE&nbsp;(France)<\/p>\n<p style=\"text-align: center\"><strong><em>LIVING IN STYLE GALLERY GALERIE&nbsp;<\/em><\/strong><br \/>\n6 Church Street &#8211; Marylebone &#8211; LONDON &#8211; NW8ED&nbsp;(Royaume-Uni)[\/vc_column_text][\/vc_column][vc_column width=\u00a0\u00bb1\/2&Prime;][vc_text_separator title=\u00a0\u00bbEXPOSITIONS\u00a0\u00bb color=\u00a0\u00bbblack\u00a0\u00bb][vc_column_text]<\/p>\n<p style=\"text-align: center\">2023 &#8211; Art Capital 2023 &#8211; <strong>SALON DES ARTISTES FRAN\u00c7AIS<\/strong> &#8211; 2 sculptures s\u00e9lectionn\u00e9es (Fragment de panth\u00e8re &#8211; T\u00eate de Gu\u00e9pard) &#8211; <strong>M\u00e9daille de Bronze pour le Fragment de Panth\u00e8re<\/strong>.<\/p>\n<p style=\"text-align: center\">Mai 2020 &#8211; David Shepherd Wildlife foundation &#8211; Exposition &nbsp;Artist of the year 2020 (<strong>Finaliste avec la sculpture T\u00eate de CARACAL<\/strong>) &#8211; LONDRES<br \/>\nMars 2020 -Exposition des Laur\u00e9ats du Salon des Arts de Croissy sur Seine<br \/>\nF\u00e9vr. 2020 &#8211; Art Capital 2020 &#8211; 230\u00e8me SALON DES ARTISTES FRAN\u00c7AIS &#8211; 2 sculptures&nbsp;animali\u00e8res s\u00e9lectionn\u00e9es (T\u00eate de buffle, T\u00eate de caracal) &#8211; &nbsp;Grand Palais&nbsp;&#8211; PARIS[\/vc_column_text][\/vc_column][\/vc_row][vc_row][vc_column][vc_row_inner][vc_column_inner width=\u00a0\u00bb1\/4&Prime;][\/vc_column_inner][vc_column_inner width=\u00a0\u00bb1\/4&Prime;][\/vc_column_inner][vc_column_inner width=\u00a0\u00bb1\/4&Prime;][\/vc_column_inner][vc_column_inner width=\u00a0\u00bb1\/4&Prime;][\/vc_column_inner][\/vc_row_inner][\/vc_column][\/vc_row]<\/p>\n","protected":false},"excerpt":{"rendered":"<p>[vc_row][vc_column][vc_column_text] Salon des Artistes fran\u00e7ais 2025 BELGIQUE &#8211; FRANCE &#8211; ROYAUME UNI [\/vc_column_text][\/vc_column][\/vc_row][vc_row][vc_column][\/vc_column][\/vc_row][vc_row][vc_column][vc_empty_space height=\u00a0\u00bb16 PX\u00a0\u00bb][vc_text_separator title=\u00a0\u00bbSCULPTURES\u00a0\u00bb color=\u00a0\u00bbblack\u00a0\u00bb border_width=\u00a0\u00bb3&Prime; css_animation=\u00a0\u00bbfadeInDown\u00a0\u00bb][vc_empty_space height=\u00a0\u00bb16 PX\u00a0\u00bb][\/vc_column][\/vc_row][vc_row][vc_column width=\u00a0\u00bb1\/4&Prime;][vc_text_separator title=\u00a0\u00bbBRONZE\u00a0\u00bb color=\u00a0\u00bbblack\u00a0\u00bb][vc_single_image image=\u00a0\u00bb1038&Prime; img_size=\u00a0\u00bbfull\u00a0\u00bb alignment=\u00a0\u00bbcenter\u00a0\u00bb onclick=\u00a0\u00bbcustom_link\u00a0\u00bb link=\u00a0\u00bbhttps:\/\/isabellecarabantes.fr\/index.php\/bronze\/\u00a0\u00bb][\/vc_column][vc_column width=\u00a0\u00bb1\/4&Prime;][vc_text_separator title=\u00a0\u00bbGALERIES\u00a0\u00bb color=\u00a0\u00bbblack\u00a0\u00bb][vc_single_image image=\u00a0\u00bb280&Prime; img_size=\u00a0\u00bbfull\u00a0\u00bb onclick=\u00a0\u00bbcustom_link\u00a0\u00bb img_link_target=\u00a0\u00bb_blank\u00a0\u00bb title=\u00a0\u00bbBRUSSELS ART SQUARE 2021&Prime; link=\u00a0\u00bbhttps:\/\/isabellecarabantes.fr\/index.php\/galeries-expositions\/\u00a0\u00bb][\/vc_column][vc_column width=\u00a0\u00bb1\/4&Prime;][vc_text_separator title=\u00a0\u00bbWORK IN PROGRESS\u00a0\u00bb color=\u00a0\u00bbblack\u00a0\u00bb][vc_single_image image=\u00a0\u00bb565&Prime; img_size=\u00a0\u00bbmedium\u00a0\u00bb][vc_media_grid grid_id=\u00a0\u00bbvc_gid:1683827053300-ef0b77700f0453c9431184a313366137-5&Prime;][\/vc_column][vc_column width=\u00a0\u00bb1\/4&Prime;][vc_text_separator title=\u00a0\u00bbDIVERS\u00a0\u00bb color=\u00a0\u00bbblack\u00a0\u00bb][vc_single_image image=\u00a0\u00bb162&Prime; img_size=\u00a0\u00bbfull\u00a0\u00bb][\/vc_column][\/vc_row][vc_row][vc_column][vc_empty_space height=\u00a0\u00bb16PX\u00a0\u00bb][vc_text_separator title=\u00a0\u00bbPORTRAIT\u00a0\u00bb color=\u00a0\u00bbblack\u00a0\u00bb border_width=\u00a0\u00bb3&Prime; css_animation=\u00a0\u00bbfadeInDown\u00a0\u00bb][\/vc_column][\/vc_row][vc_row][vc_column width=\u00a0\u00bb1\/2&Prime;][vc_empty_space][vc_single_image image=\u00a0\u00bb336&Prime; img_size=\u00a0\u00bbfull\u00a0\u00bb alignment=\u00a0\u00bbcenter\u00a0\u00bb onclick=\u00a0\u00bbcustom_link\u00a0\u00bb title=\u00a0\u00bbSNAA Bry Sur Marne 2020&Prime;][vc_empty_space][\/vc_column][vc_column width=\u00a0\u00bb1\/2&Prime;][vc_empty_space height=\u00a0\u00bb64px\u00a0\u00bb][vc_column_text css_animation=\u00a0\u00bbfadeInDown\u00a0\u00bb] L&rsquo;artiste et sa d\u00e9marche artistique : Isabelle CARABANTES&nbsp;est n\u00e9e en 1965 \u00e0 Paris. Elle apprend la sculpture dans diff\u00e9rents ateliers et&nbsp;\u00e9tudie le&nbsp;modelage d\u2019apr\u00e8s mod\u00e8le vivant en travaillant sur les volumes dans l\u2019espace, les axes et les plans, aux Ateliers&nbsp;des Beaux Arts de Paris dans l&rsquo;atelier de Philippe Jourdain. L&rsquo;artiste, principalement ax\u00e9e sur le monde animal, ne fait pas le choix d&rsquo;un travail de naturaliste. Apr\u00e8s avoir&nbsp;pr\u00e9alablement \u00e9tudi\u00e9 l&rsquo;anatomie et la vie sociale de ses sujets, elle s&rsquo;en \u00e9carte pour une r\u00e9alisation spontan\u00e9e. Il&nbsp;s&rsquo;agit de capter une \u00e9motion, de voler un instant de vie avec toute la force et la beaut\u00e9 sauvage de ses sujets. Son&nbsp;modelage vibre d&rsquo;une \u00e9nergie \u00e0 la fois puissante et d\u00e9licate, celle d&rsquo;un monde all\u00e9gorique sauvage et menac\u00e9 : le&nbsp;n\u00f4tre[\/vc_column_text][\/vc_column][vc_column width=\u00a0\u00bb1\/2&Prime;][\/vc_column][\/vc_row][vc_row][vc_column][vc_text_separator title=\u00a0\u00bbEXPOSITIONS &#8211; GALERIE\u00a0\u00bb color=\u00a0\u00bbblack\u00a0\u00bb border_width=\u00a0\u00bb3&Prime; css_animation=\u00a0\u00bbfadeInDown\u00a0\u00bb][\/vc_column][\/vc_row][vc_row][vc_column width=\u00a0\u00bb1\/2&Prime;][vc_text_separator title=\u00a0\u00bbGALERIES\u00a0\u00bb color=\u00a0\u00bbblack\u00a0\u00bb][vc_column_text] COUCK ART GALLERY rue Ernest Allard,&nbsp;&nbsp;32 &#8211; 1000 &nbsp;BRUXELLES (Belgique) &nbsp;&nbsp;GALERIE L&rsquo;OEIL DU PRINCE 3 Avenue Foch &#8211; 64200 &nbsp;BIARRITZ (France) GALERIE EUGENE 15 bis, Rue Eug\u00e8ne Jamin &#8211; 53000 (France) GALERIE ARS ESSENTIA 9, Place Ziem &#8211; 21200 BEAUNE&nbsp;(France) LIVING IN STYLE GALLERY GALERIE&nbsp; 6 Church Street &#8211; Marylebone &#8211; LONDON &#8211; NW8ED&nbsp;(Royaume-Uni)[\/vc_column_text][\/vc_column][vc_column width=\u00a0\u00bb1\/2&Prime;][vc_text_separator title=\u00a0\u00bbEXPOSITIONS\u00a0\u00bb color=\u00a0\u00bbblack\u00a0\u00bb][vc_column_text] 2023 &#8211; Art Capital 2023 &#8211; SALON DES ARTISTES FRAN\u00c7AIS &#8211; 2 sculptures s\u00e9lectionn\u00e9es (Fragment de panth\u00e8re &#8211; T\u00eate de Gu\u00e9pard) &#8211; M\u00e9daille de Bronze pour le Fragment de Panth\u00e8re. Mai 2020 &#8211; David Shepherd Wildlife foundation &#8211; Exposition &nbsp;Artist of the year 2020 (Finaliste avec la sculpture T\u00eate de CARACAL) &#8211; LONDRES Mars 2020 -Exposition des Laur\u00e9ats du Salon des Arts de Croissy sur Seine F\u00e9vr. 2020 &#8211; Art Capital 2020 &#8211; 230\u00e8me SALON DES ARTISTES FRAN\u00c7AIS &#8211; 2 sculptures&nbsp;animali\u00e8res s\u00e9lectionn\u00e9es (T\u00eate de buffle, T\u00eate de caracal) &#8211; &nbsp;Grand Palais&nbsp;&#8211; PARIS[\/vc_column_text][\/vc_column][\/vc_row][vc_row][vc_column][vc_row_inner][vc_column_inner width=\u00a0\u00bb1\/4&Prime;][\/vc_column_inner][vc_column_inner width=\u00a0\u00bb1\/4&Prime;][\/vc_column_inner][vc_column_inner width=\u00a0\u00bb1\/4&Prime;][\/vc_column_inner][vc_column_inner width=\u00a0\u00bb1\/4&Prime;][\/vc_column_inner][\/vc_row_inner][\/vc_column][\/vc_row]<\/p>\n","protected":false},"author":1,"featured_media":0,"parent":0,"menu_order":0,"comment_status":"closed","ping_status":"closed","template":"","meta":{"footnotes":""},"class_list":["post-35","page","type-page","status-publish","hentry"],"acf":[],"jetpack_sharing_enabled":true,"_links":{"self":[{"href":"https:\/\/isabellecarabantes.fr\/index.php\/wp-json\/wp\/v2\/pages\/35","targetHints":{"allow":["GET"]}}],"collection":[{"href":"https:\/\/isabellecarabantes.fr\/index.php\/wp-json\/wp\/v2\/pages"}],"about":[{"href":"https:\/\/isabellecarabantes.fr\/index.php\/wp-json\/wp\/v2\/types\/page"}],"author":[{"embeddable":true,"href":"https:\/\/isabellecarabantes.fr\/index.php\/wp-json\/wp\/v2\/users\/1"}],"replies":[{"embeddable":true,"href":"https:\/\/isabellecarabantes.fr\/index.php\/wp-json\/wp\/v2\/comments?post=35"}],"version-history":[{"count":53,"href":"https:\/\/isabellecarabantes.fr\/index.php\/wp-json\/wp\/v2\/pages\/35\/revisions"}],"predecessor-version":[{"id":8105,"href":"https:\/\/isabellecarabantes.fr\/index.php\/wp-json\/wp\/v2\/pages\/35\/revisions\/8105"}],"wp:attachment":[{"href":"https:\/\/isabellecarabantes.fr\/index.php\/wp-json\/wp\/v2\/media?parent=35"}],"curies":[{"name":"wp","href":"https:\/\/api.w.org\/{rel}","templated":true}]}}